hat is the greatest common factor of 17 and 221?
17
Calculate the greatest common divisor of 52 and 676.
52
What is the highest common factor of 28 and 98?
14
What is the greatest common divisor of 248 and 31?
31
Calculate the highest common divisor of 6657 and 84.
21
Calculate the highest common divisor of 6945 and 15.
15
What is the greatest common divisor of 1 and 43?
1
Calculate the greatest common divisor of 91 and 5789.
7
Calculate the highest common divisor of 20 and 5140.
20
What is the highest common divisor of 117 and 9?
9
Calculate the highest common divisor of 3 and 3.
3
What is the greatest common divisor of 264 and 48?
24
Calculate the highest common divisor of 2 and 701.
1
Calculate the greatest common factor of 434 and 42.
14
What is the greatest common factor of 1943 and 1273?
67
What is the greatest common factor of 5 and 11?
1
Calculate the greatest common divisor of 64 and 4.
4
Calculate the greatest common factor of 44 and 6556.
44
What is the greatest common divisor of 69 and 851?
23
Calculate the greatest common factor of 18 and 666.
18
What is the greatest common divisor of 529 and 805?
23
What is the highest common divisor of 606 and 12?
6
Calculate the highest common factor of 78 and 4160.
26
What is the highest common factor of 108 and 20?
4
Calculate the greatest common factor of 418 and 513.
19
What is the highest common factor of 20 and 1620?
20
What is the highest common factor of 69 and 27?
3
What is the highest common factor of 6 and 75?
3
Calculate the highest common factor of 1363 and 94.
47
Calculate the greatest common divisor of 5994 and 148.
74
What is the highest common factor of 425 and 527?
17
Calculate the greatest common factor of 510 and 180.
30
Calculate the greatest common factor of 756 and 2688.
84
Calculate the greatest common divisor of 132 and 2508.
132
What is the highest common factor of 370 and 74?
74
Calculate the highest common factor of 193 and 110203.
193
Calculate the highest common divisor of 51 and 204.
51
Calculate the greatest common divisor of 2020 and 20.
20
What is the highest common divisor of 221 and 85?
17
What is the highest common factor of 36 and 144?
36
What is the greatest common divisor of 754 and 1218?
58
What is the greatest common factor of 13 and 1040?
13
What is the greatest common factor of 12 and 3396?
12
What is the greatest common divisor of 1692 and 2632?
188
Calculate the greatest common divisor of 198 and 4212.
18
What is the highest common divisor of 920 and 500?
20
What is the highest common divisor of 9 and 237?
3
Calculate the greatest common divisor of 620 and 6355.
155
What is the greatest common factor of 33 and 6?
3
Calculate the highest common divisor of 28 and 784.
28
Calculate the greatest common factor of 10 and 2570.
10
What is the highest common factor of 228 and 285?
57
Calculate the greatest common divisor of 745 and 1192.
149
What is the greatest common divisor of 184 and 46?
46
Calculate the highest common divisor of 235 and 10.
5
What is the greatest common divisor of 8232 and 210?
42
What is the greatest common divisor of 275 and 50?
25
Calculate the highest common divisor of 4830 and 84.
42
What is the highest common divisor of 2244 and 5100?
204
What is the greatest common factor of 21330 and 1080?
270
Calculate the highest common factor of 1730 and 10.
10
What is the highest common divisor of 43 and 2?
1
Calculate the greatest common factor of 10 and 110.
10
Calculate the highest common divisor of 680 and 320.
40
Calculate the greatest common factor of 15 and 1070.
5
Calculate the greatest common divisor of 1146 and 6.
6
What is the greatest common divisor of 803 and 132?
11
Calculate the greatest common divisor of 26 and 4394.
26
What is the highest common divisor of 50 and 600?
50
Calculate the greatest common factor of 48 and 1362.
6
Calculate the greatest common divisor of 3 and 113.
1
Calculate the greatest common divisor of 136 and 374.
34
What is the greatest common divisor of 540 and 1755?
135
Calculate the highest common factor of 1024 and 192.
64
What is the highest common factor of 12 and 876?
12
Calculate the highest common factor of 847 and 231.
77
Calculate the highest common divisor of 16272 and 144.
144
Calculate the greatest common divisor of 4250 and 125.
125
Calculate the greatest common factor of 2509 and 26.
13
Calculate the greatest common factor of 40 and 616.
8
What is the highest common factor of 161 and 14?
7
Calculate the highest common factor of 2 and 34.
2
Calculate the greatest common factor of 1870 and 510.
170
What is the highest common factor of 864 and 243?
27
What is the highest common factor of 5845 and 501?
167
Calculate the greatest common divisor of 187 and 1243.
11
Calculate the highest common factor of 6 and 21744.
6
What is the highest common divisor of 34 and 11968?
34
Calculate the greatest common divisor of 600 and 5.
5
Calculate the highest common factor of 2 and 89.
1
Calculate the highest common divisor of 32 and 3424.
32
What is the highest common divisor of 750 and 6?
6
What is the greatest common factor of 1816 and 8?
8
Calculate the greatest common factor of 24 and 1896.
24
What is the highest common factor of 114 and 24?
6
What is the highest common divisor of 75 and 475?
25
What is the greatest common divisor of 11 and 517?
11
Calculate the highest common factor of 60 and 40.
20
Calculate the greatest common factor of 1359 and 27.
9
Calculate the greatest common divisor of 124 and 9796.
124
Calculate the greatest common divisor of 36 and 186.
6
What is the highest common factor of 469 and 49?
7
What is the greatest common factor of 48 and 12?
12
What is the greatest common divisor of 2072 and 70?
14
Calculate the highest common factor of 666 and 18.
18
Calculate the highest common factor of 423 and 603.
9
Calculate the highest common factor of 2235 and 435.
15
What is the greatest common divisor of 140 and 9268?
28
Calculate the highest common factor of 30 and 645.
15
What is the greatest common factor of 8 and 794?
2
What is the greatest common factor of 49 and 63?
7
What is the highest common divisor of 2 and 26?
2
Calculate the greatest common divisor of 4 and 38.
2
Calculate the greatest common factor of 405 and 4185.
135
Calculate the highest common divisor of 129 and 12.
3
Calculate the greatest common divisor of 4238 and 52.
26
What is the greatest common factor of 48688 and 272?
272
Calculate the highest common divisor of 6 and 23.
1
Calculate the greatest common divisor of 80 and 200.
40
What is the highest common divisor of 20 and 2540?
20
Calculate the highest common factor of 63 and 549.
9
Calculate the highest common divisor of 15 and 165.
15
Calculate the highest common factor of 104 and 32.
8
What is the greatest common factor of 9933 and 22?
11
Calculate the greatest common factor of 38 and 2622.
38
What is the highest common factor of 256 and 240?
16
What is the highest common divisor of 3718 and 26?
26
Calculate the greatest common factor of 154 and 1463.
77
What is the highest common divisor of 3 and 33?
3
Calculate the greatest common factor of 3633 and 231.
21
What is the highest common divisor of 290 and 39005?
145
Calculate the greatest common divisor of 176 and 33.
11
What is the greatest common divisor of 396 and 176?
44
Calculate the greatest common divisor of 210 and 9.
3
Calculate the highest common factor of 148 and 666.
74
Calculate the greatest common factor of 15 and 2235.
15
Calculate the greatest common factor of 44 and 836.
44
What is the greatest common divisor of 9685 and 130?
65
What is the greatest common divisor of 62 and 10?
2
What is the highest common factor of 322 and 414?
46
What is the highest common divisor of 28 and 224?
28
What is the highest common factor of 315 and 385?
35
Calculate the highest common factor of 216 and 378.
54
Calculate the highest common divisor of 29 and 899.
29
Calculate the greatest common divisor of 90 and 2610.
90
Calculate the highest common factor of 19712 and 96.
32
What is the highest common factor of 864 and 80?
16
What is the highest common factor of 12600 and 56?
56
What is the greatest common factor of 8 and 1428?
4
What is the greatest common factor of 74 and 2294?
74
What is the greatest common 